{"id":941,"date":"2025-06-07T19:29:18","date_gmt":"2025-06-07T17:29:18","guid":{"rendered":"https:\/\/www.methode-du-contour.fr\/?page_id=941"},"modified":"2025-06-07T19:29:42","modified_gmt":"2025-06-07T17:29:42","slug":"mentions-legales","status":"publish","type":"page","link":"https:\/\/www.methode-du-contour.fr\/index.php\/mentions-legales\/","title":{"rendered":"Mentions L\u00e9gales"},"content":{"rendered":"\t\t<div data-elementor-type=\"wp-page\" data-elementor-id=\"941\" class=\"elementor elementor-941\" data-elementor-post-type=\"page\">\n\t\t\t\t<div class=\"elementor-element elementor-element-59bb518 e-flex e-con-boxed e-con e-parent\" data-id=\"59bb518\" data-element_type=\"container\" data-e-type=\"container\">\n\t\t\t\t\t<div class=\"e-con-inner\">\n\t\t\t\t<div class=\"elementor-element elementor-element-58dac031 elementor-widget elementor-widget-text-editor\" data-id=\"58dac031\" data-element_type=\"widget\" data-e-type=\"widget\" data-widget_type=\"text-editor.default\">\n\t\t\t\t<div class=\"elementor-widget-container\">\n\t\t\t\t\t\t\t\t\t\n<p>Ce site est \u00e9dit\u00e9 par la soci\u00e9t\u00e9 MAT-IN-MECA, SAS au capital de 5 000 euros, dont le si\u00e8ge social est sis \u00e0 Le Gu\u00e9, 85110 Sainte-C\u00e9cile.<\/p>\n\n\n\n<p>MAT-IN-MECA est inscrite au RCS de La-Roche-sur-Yon sous le num\u00e9ro 845 002 898. Son num\u00e9ro de TVA intracommunautaire est FR36845002898.<\/p>\n\n\n\n<p>Le directeur de publication est Renaud Frappier, en qualit\u00e9 de Pr\u00e9sident.<\/p>\n\n\n\n<p>Le site est h\u00e9berg\u00e9 par OVHcloud, 2 rue Kellermann, 59100 Roubaix.<\/p>\n\t\t\t\t\t\t\t\t<\/div>\n\t\t\t\t<\/div>\n\t\t\t\t\t<\/div>\n\t\t\t\t<\/div>\n\t\t\t\t<\/div>\n\t\t","protected":false},"excerpt":{"rendered":"<p>Ce site est \u00e9dit\u00e9 par la soci\u00e9t\u00e9 MAT-IN-MECA, SAS au capital de 5 000 euros, dont le si\u00e8ge social est sis \u00e0 Le Gu\u00e9, 85110 Sainte-C\u00e9cile. MAT-IN-MECA est inscrite au RCS de La-Roche-sur-Yon sous le num\u00e9ro 845 002 898. Son num\u00e9ro de TVA intracommunautaire est FR36845002898. Le directeur de publication est Renaud Frappier, en qualit\u00e9 [&hellip;]<\/p>\n","protected":false},"author":1,"featured_media":0,"parent":0,"menu_order":0,"comment_status":"closed","ping_status":"closed","template":"","meta":{"footnotes":""},"class_list":["post-941","page","type-page","status-publish","hentry"],"yoast_head":"<!-- This site is optimized with the Yoast SEO plugin v24.6 - https:\/\/yoast.com\/wordpress\/plugins\/seo\/ -->\n<title>Mentions L\u00e9gales - Mesure des Contraintes R\u00e9siduelles avec la M\u00e9thode du Contour<\/title>\n<meta name=\"robots\" content=\"index, follow, max-snippet:-1, max-image-preview:large, max-video-preview:-1\" \/>\n<link rel=\"canonical\" href=\"https:\/\/www.methode-du-contour.fr\/index.php\/mentions-legales\/\" \/>\n<meta property=\"og:locale\" content=\"en_US\" \/>\n<meta property=\"og:type\" content=\"article\" \/>\n<meta property=\"og:title\" content=\"Mentions L\u00e9gales - Mesure des Contraintes R\u00e9siduelles avec la M\u00e9thode du Contour\" \/>\n<meta property=\"og:description\" content=\"Ce site est \u00e9dit\u00e9 par la soci\u00e9t\u00e9 MAT-IN-MECA, SAS au capital de 5 000 euros, dont le si\u00e8ge social est sis \u00e0 Le Gu\u00e9, 85110 Sainte-C\u00e9cile. MAT-IN-MECA est inscrite au RCS de La-Roche-sur-Yon sous le num\u00e9ro 845 002 898. Son num\u00e9ro de TVA intracommunautaire est FR36845002898. Le directeur de publication est Renaud Frappier, en qualit\u00e9 [&hellip;]\" \/>\n<meta property=\"og:url\" content=\"https:\/\/www.methode-du-contour.fr\/index.php\/mentions-legales\/\" \/>\n<meta property=\"og:site_name\" content=\"Mesure des Contraintes R\u00e9siduelles avec la M\u00e9thode du Contour\" \/>\n<meta property=\"article:modified_time\" content=\"2025-06-07T17:29:42+00:00\" \/>\n<meta name=\"twitter:card\" content=\"summary_large_image\" \/>\n<meta name=\"twitter:label1\" content=\"Est. reading time\" \/>\n\t<meta name=\"twitter:data1\" content=\"1 minute\" \/>\n<script type=\"application\/ld+json\" class=\"yoast-schema-graph\">{\"@context\":\"https:\/\/schema.org\",\"@graph\":[{\"@type\":\"WebPage\",\"@id\":\"https:\/\/www.methode-du-contour.fr\/index.php\/mentions-legales\/\",\"url\":\"https:\/\/www.methode-du-contour.fr\/index.php\/mentions-legales\/\",\"name\":\"Mentions L\u00e9gales - Mesure des Contraintes R\u00e9siduelles avec la M\u00e9thode du Contour\",\"isPartOf\":{\"@id\":\"https:\/\/www.methode-du-contour.fr\/#website\"},\"datePublished\":\"2025-06-07T17:29:18+00:00\",\"dateModified\":\"2025-06-07T17:29:42+00:00\",\"breadcrumb\":{\"@id\":\"https:\/\/www.methode-du-contour.fr\/index.php\/mentions-legales\/#breadcrumb\"},\"inLanguage\":\"en-US\",\"potentialAction\":[{\"@type\":\"ReadAction\",\"target\":[\"https:\/\/www.methode-du-contour.fr\/index.php\/mentions-legales\/\"]}]},{\"@type\":\"BreadcrumbList\",\"@id\":\"https:\/\/www.methode-du-contour.fr\/index.php\/mentions-legales\/#breadcrumb\",\"itemListElement\":[{\"@type\":\"ListItem\",\"position\":1,\"name\":\"Home\",\"item\":\"https:\/\/www.methode-du-contour.fr\/\"},{\"@type\":\"ListItem\",\"position\":2,\"name\":\"Mentions L\u00e9gales\"}]},{\"@type\":\"WebSite\",\"@id\":\"https:\/\/www.methode-du-contour.fr\/#website\",\"url\":\"https:\/\/www.methode-du-contour.fr\/\",\"name\":\"Mesure des Contraintes R\u00e9siduelles avec la M\u00e9thode du Contour\",\"description\":\"Une m\u00e9thode pr\u00e9cise, fiable et compl\u00e8te pour vos besoins industriels\",\"potentialAction\":[{\"@type\":\"SearchAction\",\"target\":{\"@type\":\"EntryPoint\",\"urlTemplate\":\"https:\/\/www.methode-du-contour.fr\/?s={search_term_string}\"},\"query-input\":{\"@type\":\"PropertyValueSpecification\",\"valueRequired\":true,\"valueName\":\"search_term_string\"}}],\"inLanguage\":\"en-US\"}]}<\/script>\n<!-- \/ Yoast SEO plugin. -->","yoast_head_json":{"title":"Mentions L\u00e9gales - Mesure des Contraintes R\u00e9siduelles avec la M\u00e9thode du Contour","robots":{"index":"index","follow":"follow","max-snippet":"max-snippet:-1","max-image-preview":"max-image-preview:large","max-video-preview":"max-video-preview:-1"},"canonical":"https:\/\/www.methode-du-contour.fr\/index.php\/mentions-legales\/","og_locale":"en_US","og_type":"article","og_title":"Mentions L\u00e9gales - Mesure des Contraintes R\u00e9siduelles avec la M\u00e9thode du Contour","og_description":"Ce site est \u00e9dit\u00e9 par la soci\u00e9t\u00e9 MAT-IN-MECA, SAS au capital de 5 000 euros, dont le si\u00e8ge social est sis \u00e0 Le Gu\u00e9, 85110 Sainte-C\u00e9cile. MAT-IN-MECA est inscrite au RCS de La-Roche-sur-Yon sous le num\u00e9ro 845 002 898. Son num\u00e9ro de TVA intracommunautaire est FR36845002898. Le directeur de publication est Renaud Frappier, en qualit\u00e9 [&hellip;]","og_url":"https:\/\/www.methode-du-contour.fr\/index.php\/mentions-legales\/","og_site_name":"Mesure des Contraintes R\u00e9siduelles avec la M\u00e9thode du Contour","article_modified_time":"2025-06-07T17:29:42+00:00","twitter_card":"summary_large_image","twitter_misc":{"Est. reading time":"1 minute"},"schema":{"@context":"https:\/\/schema.org","@graph":[{"@type":"WebPage","@id":"https:\/\/www.methode-du-contour.fr\/index.php\/mentions-legales\/","url":"https:\/\/www.methode-du-contour.fr\/index.php\/mentions-legales\/","name":"Mentions L\u00e9gales - Mesure des Contraintes R\u00e9siduelles avec la M\u00e9thode du Contour","isPartOf":{"@id":"https:\/\/www.methode-du-contour.fr\/#website"},"datePublished":"2025-06-07T17:29:18+00:00","dateModified":"2025-06-07T17:29:42+00:00","breadcrumb":{"@id":"https:\/\/www.methode-du-contour.fr\/index.php\/mentions-legales\/#breadcrumb"},"inLanguage":"en-US","potentialAction":[{"@type":"ReadAction","target":["https:\/\/www.methode-du-contour.fr\/index.php\/mentions-legales\/"]}]},{"@type":"BreadcrumbList","@id":"https:\/\/www.methode-du-contour.fr\/index.php\/mentions-legales\/#breadcrumb","itemListElement":[{"@type":"ListItem","position":1,"name":"Home","item":"https:\/\/www.methode-du-contour.fr\/"},{"@type":"ListItem","position":2,"name":"Mentions L\u00e9gales"}]},{"@type":"WebSite","@id":"https:\/\/www.methode-du-contour.fr\/#website","url":"https:\/\/www.methode-du-contour.fr\/","name":"Mesure des Contraintes R\u00e9siduelles avec la M\u00e9thode du Contour","description":"Une m\u00e9thode pr\u00e9cise, fiable et compl\u00e8te pour vos besoins industriels","potentialAction":[{"@type":"SearchAction","target":{"@type":"EntryPoint","urlTemplate":"https:\/\/www.methode-du-contour.fr\/?s={search_term_string}"},"query-input":{"@type":"PropertyValueSpecification","valueRequired":true,"valueName":"search_term_string"}}],"inLanguage":"en-US"}]}},"_links":{"self":[{"href":"https:\/\/www.methode-du-contour.fr\/index.php\/wp-json\/wp\/v2\/pages\/941","targetHints":{"allow":["GET"]}}],"collection":[{"href":"https:\/\/www.methode-du-contour.fr\/index.php\/wp-json\/wp\/v2\/pages"}],"about":[{"href":"https:\/\/www.methode-du-contour.fr\/index.php\/wp-json\/wp\/v2\/types\/page"}],"author":[{"embeddable":true,"href":"https:\/\/www.methode-du-contour.fr\/index.php\/wp-json\/wp\/v2\/users\/1"}],"replies":[{"embeddable":true,"href":"https:\/\/www.methode-du-contour.fr\/index.php\/wp-json\/wp\/v2\/comments?post=941"}],"version-history":[{"count":5,"href":"https:\/\/www.methode-du-contour.fr\/index.php\/wp-json\/wp\/v2\/pages\/941\/revisions"}],"predecessor-version":[{"id":948,"href":"https:\/\/www.methode-du-contour.fr\/index.php\/wp-json\/wp\/v2\/pages\/941\/revisions\/948"}],"wp:attachment":[{"href":"https:\/\/www.methode-du-contour.fr\/index.php\/wp-json\/wp\/v2\/media?parent=941"}],"curies":[{"name":"wp","href":"https:\/\/api.w.org\/{rel}","templated":true}]}}